
68
Let q(o) = o**3 - 46*o**2 - 52*o + 257. Let i be q(47). Let b = -82 - -115. Calculate the greatest common factor of b and i.
11
Suppose 84 = -10*t + 12*t. Let y = -38 + t. What is the highest common factor of 12 and y?
4
Suppose 2*i + 240 = 4*i. Let v = -1 + 6. Suppose 0 = 4*j - 4*b - 64, 5*j + v*b - 29 = 41. Calculate the greatest common divisor of j and i.
15
Suppose 0 = -5*x - h + 288, 0 = -4*x + 7*x - 2*h - 165. Calculate the highest common divisor of 6 and x.
3
Suppose -7*n + 2*n - 1490 = 0. Let c = -184 - n. What is the greatest common factor of 76 and c?
38
Suppose 20 = 2*s + 3*s. Suppose 0 = -2*z + s*z + 5*d - 14, 10 = z + 4*d. Calculate the greatest common factor of z and 38.
2
Suppose r + 12 = 2*r - 3*i, 5*r - 36 = 3*i. Suppose 178 = -r*l + 736. Calculate the greatest common factor of 31 and l.
31
Suppose -565 = -p - m, -5*p + m = -3*m - 2780. Calculate the highest common divisor of 28 and p.
28
Suppose -c - 4 = -5*c, 2*c - 11 = -a. Suppose -26 + 2 = -4*u + 5*g, 3*u + 13 = -4*g. Let b be 0/u*-1 - -72. What is the highest common divisor of a and b?
9
Let s(y) = -499*y + 523. Let i be s(1). Suppose 5*q + 2*n = 8 + 1, n + 9 = 2*q. Calculate the highest common divisor of i and q.
3
Let p = 76 - 71. Let s be -5 - (-9 - (p + -1)). Calculate the highest common divisor of 104 and s.
8
Let m = -73 + 23. Let f = -24 - 2. Let a = f - m. What is the highest common divisor of 216 and a?
24
Let s(n) = -n + 44. Let q be (210/7)/5*(-16)/6. Let p be s(q). What is the greatest common divisor of 12 and p?
12
Let n(q) = 2*q - 6*q - 2 - 9*q. Let h be n(-2). Calculate the greatest common divisor of 36 and h.
12
Let a = -52 - -296. Suppose -9*w + a = 64. Suppose 5*p - 509 - 291 = 0. What is the highest common factor of w and p?
20
Let y(c) = 2*c**2 - 18*c + 15. Let a be y(11). Suppose -5*r + a = -41. What is the highest common factor of 100 and r?
20
Suppose 1524*o - 3283 = 1457*o. Let s be ((-1)/(-2))/((-1)/(-392)). What is the highest common factor of o and s?
49
Let k be -11*2/(-2)*1. Let f = k + 1. Let d be (7 - 8 - -68) + -7. What is the highest common divisor of f and d?
12
Let r be 55 - -2 - (-2 - -14)*(-6)/12. Let q be 1 + 1 + 7 - 0. Calculate the greatest common factor of r and q.
9
Let h(k) = -3*k + 101. Let b be h(27). What is the highest common factor of b and 35?
5
Let g = 325 + 207. Calculate the greatest common factor of g and 28.
28
Let d = 23 - 11. Suppose m = -4*m + 1080. Suppose 7*i - 5*i - m = 0. Calculate the highest common factor of i and d.
12
Let g = 28 - -28. Suppose 4*m + 206 - 14 = 0. Let r = -34 - m. What is the greatest common divisor of r and g?
14
Let l(g) = -g**3 + 5*g**2 - 4*g + 4. Suppose -5*k - 4*f = -2*f - 17, -3*k + f = -8. Let w be l(k). What is the highest common divisor of w and 10?
10
Let s(d) = -d**2 + 14*d - 3. Let z be s(10). Suppose 6*h + 13 - z = 0. Calculate the greatest common factor of 4 and h.
4
Let d(s) = s**3 - 3*s**2 - 2*s + 4. Let w be d(3). Let r be ((-2)/1)/w + 9. Suppose 15*h - 90 = r*h. What is the highest common factor of 72 and h?
18
Let a(j) = j**2 + 5*j - 4. Let y be a(-5). Let r = 8 + y. Let l be ((40/12)/(4/(-12)))/2*-8. What is the greatest common divisor of r and l?
4
Suppose 8*a - 2*a - 42 = 0. Suppose 0 = 5*n - a*n + 88. Calculate the highest common factor of n and 11.
11
Let z be -4 - 9/(-6)*18. Let v = 0 - -2. Suppose 2*r + 320 = v*a, -48 = 2*a + 4*r - 374. What is the highest common divisor of a and z?
23
Let q = -8 + 18. Suppose -5*u + 2*u + 68 = -2*y, 4*y - 4*u = -128. Let z be (-6)/2 - (y + 0). What is the greatest common factor of z and q?
5
Let y = 127 - 31. What is the greatest common divisor of 18 and y?
6
Let q(k) = 203*k**2 - 3*k - 2. Let z be q(-1). Suppose 0 = 5*f + 3*b - z, -b - 10 = 4*b. Calculate the highest common factor of 21 and f.
21
Suppose -4*h + 6 + 30 = 0. Let o be ((-6)/h)/((-18)/189). Calculate the highest common factor of o and 7.
7
Let y be ((-2)/(-3))/(4/108). Let b be 19682/364 + (-2)/28. Calculate the highest common factor of b and y.
18
Suppose -65 - 67 = -4*t. Let a = 0 - 0. Suppose a = -3*o - 12 + 45. Calculate the highest common divisor of o and t.
11
Let j(y) = 10*y**3 + 2*y**2 + 6*y - 21. Let o be j(4). What is the greatest common factor of 27 and o?
27
Suppose 5*w - 303 - 822 = -k, k = 5. Let p be (14*(2 - 0))/(-8 - -9). What is the greatest common divisor of p and w?
28
Let d(v) = -v**2 - 24*v + 22. Let w be d(-21). Suppose -2*x - w + 495 = 0. Calculate the greatest common factor of x and 41.
41
Suppose 96*w = 90*w + 84. Suppose -12*m = -8*m - 112. What is the highest common divisor of w and m?
14
Suppose -22*p + 2715 = -17*p. Suppose 10*s - 417 = p. Calculate the greatest common divisor of s and 12.
12
Let g be (-5258)/(-66) + 1/3. What is the greatest common divisor of 1280 and g?
80
Suppose 2*t = 7*t + 50. Let j be (t/(-25))/((-3)/(-1125)). Calculate the greatest common divisor of 60 and j.
30
Let b(d) = -2*d**2 + 28*d - 30. Let q be b(12). Suppose 5 = 4*n + 13, 3*f - 1396 = 5*n. Let k = f + -264. Calculate the highest common factor of k and q.
18
Suppose 17*z - 19*z + 5*g = -265, -2*g = -2*z + 262. What is the highest common divisor of z and 80?
10
Let t = -9 + 9. Let h be (0 + -1)*(0 + t). Suppose -k - 3*n + h - 11 = 0, 2*k + n + 2 = 0. Calculate the greatest common divisor of k and 2.
1
Let z = 51 - -313. What is the highest common factor of 52 and z?
52
Let x(r) = 56*r - 154. Let p be x(10). What is the highest common factor of p and 14?
14
Suppose -13*d + 15*d + 4 = 0. Let i = 6 + d. Suppose -5*x + 2*l = -1, i*x - 3*l = x - 3. What is the highest common divisor of 9 and x?
1
Let v be (1/(-2))/((-2)/8). Suppose 0 = 68*n - 69*n + 60. Suppose -3*m + n = v*m. What is the highest common divisor of 120 and m?
12
Let m = 2 + 0. Suppose 0 = 2*n + 4*n. Suppose n*q - 3*q = -30. Calculate the highest common factor of m and q.
2
Suppose 1049 + 1426 = 9*i. What is the greatest common factor of 50 and i?
25
Let i(f) = -f**3 + 6*f**2 + 12*f - 24. Let m be i(7). Suppose 174 = -5*n + 1149. Suppose -3*v - 30 = -n. Calculate the highest common factor of v and m.
11
Suppose 3*a + 31 = 2*j, -5*j + 46 = -3*a - 27. Let d(i) = 3*i**2 + i - 9. Let r be d(-4). Calculate the highest common divisor of r and j.
7
Let h = 376 + -340. Calculate the highest common factor of h and 144.
36
Let h = 11 + 43. Let r = -1753 + 1759. What is the greatest common divisor of r and h?
6
Let t(b) = 3*b**2 - 17*b + 28. Let q be t(5). What is the greatest common factor of q and 126?
18
Let s be 29 - (3 + (0 - -8)). What is the highest common divisor of s and 792?
18
Suppose 12*u = 11*u + 6. Let c(r) = 3*r - 3 - 11 + 2*r. Let t be c(u). Calculate the greatest common divisor of t and 40.
8
Suppose 16*u - 10*u = 360. Suppose 0 = -3*r - 6. Let b be 0/r + (-45)/(-3). Calculate the greatest common divisor of u and b.
15
Let p be (0 + 1)/((-3)/(-189)). Suppose -3*s = -5*a - 10, 3*s + 3*a = a - 4. Suppose -5*n + 28 + 17 = s. Calculate the highest common factor of p and n.
9
Let f be 4/(-34) - 17480/(-323). Let d be 4 + (-2 - 0) - -21. Let i = 41 - d. What is the highest common divisor of i and f?
18
Suppose -2*q = 144*r - 143*r - 3612, 5*q - 7223 = -2*r. Calculate the highest common factor of r and 139.
139
Suppose 3*f - 26 = b + 3*b, -2*f + 22 = -5*b. Suppose 5*o + z = 105, f*z - z = -3*o + 41. What is the highest common divisor of 77 and o?
11
Let i = 582 - 113. Calculate the highest common factor of i and 335.
67
Suppose 2*z = 3*z + 30. Let m be (5 - 10)*(-2)/1. Let l be 478/m - 6/z. Calculate the highest common divisor of 16 and l.
16
Suppose -3*k = 15*k - 486. What is the highest common factor of 108 and k?
27
Let v be (-5)/3 + (-2)/(-3). Let l be ((-21)/6)/(v/2). What is the highest common factor of 14 and l?
7
Let d(u) = u**3 - u**2 - 5*u + 3. Let g be d(4). Let f(p) = p**3 + 10*p**2 - 7*p + 11. Let c be f(-9). Calculate the greatest common factor of c and g.
31
Let x(k) = 11*k**2 + 1. Let z be x(2). Calculate the highest common divisor of 54 and z.
9
Let r(n) = -2*n - 14. Suppose 0 = 8*f - 9*f - 6. Let g be r(f). Let c be (g/(-3))/(2/21). What is the highest common divisor of c and 7?
7
Suppose -14772 + 3824 = -34*n. What is the greatest common factor of n and 69?
23
Suppose -j =